?
9
Let w = 24 - -495. What is the units digit of w?
9
Let l(u) = -8*u**2 - 6*u + 3. Let r be l(-4). Let n = r - -191. What is the units digit of n?
0
Let m = 3936 + -1951. What is the tens digit of m?
8
Let n(f) = 16*f + 3. Let z(p) = p - 1. Let g(d) = n(d) + 4*z(d). Let a be g(4). Let b = a + -35. What is the tens digit of b?
4
Let b = 1267 + -553. What is the units digit of b?
4
What is the tens digit of -5*14/35 - -515?
1
Let f(d) = 17*d**3 - d**2 + 2*d - 1. Let n = -6 - -6. Suppose 5*a - 5*x + 21 - 6 = n, -4*a + x = 0. What is the tens digit of f(a)?
1
Suppose -5*f = 4 - 9. Let g be (5/f)/(10/190). Suppose g + 205 = 4*i. What is the units digit of i?
5
Suppose 0 = -z - 4*w + 3, 2*z = -2*z + 3*w - 26. Let r(m) = -m**3 - 3*m**2 - 7*m - 10. What is the tens digit of r(z)?
7
Let h be ((-10)/(-15))/((-1)/18). Let o be 3/h + (-34)/(-8). Suppose -4*d = -o*u - 108, 5*d + 2*u = u + 105. What is the tens digit of d?
2
Let j(b) = 7*b**2 + 30*b - 16. What is the units digit of j(-16)?
6
Let u = -228 + 90. Let a = u + 353. What is the units digit of a?
5
Suppose -22*g - 5*g = -39582. What is the thousands digit of g?
1
Suppose -1122 = 17*d - 306. Let z = 245 + d. What is the hundreds digit of z?
1
Suppose 317 = 2*u - 285. What is the tens digit of u?
0
Let y(v) = 4*v - 30. Let b be y(3). What is the tens digit of b/(-4)*((-471)/(-9) - 5)?
1
Let u = -4999 + 8736. What is the hundreds digit of u?
7
What is the units digit of -5 + 4*174 + 1 + 1?
3
Let u(h) = 8*h**2 + h + 2. Let v(j) = j**3 - 8*j**2 + 7*j - 3. Let o be v(7). What is the units digit of u(o)?
1
Let v(p) = -p**3 + 3*p**2 + 11*p - 3. Let h be v(5). Suppose 0 = -5*y + 5, 3*y - 38 = -h*n - 1. What is the units digit of n?
7
Let l = -1 + -11. Let r = -288 + 290. What is the units digit of r + (-3)/(l/8)?
4
Let x be 1/(-4) - 94/8. Let h = x + 15. What is the units digit of 3 + (-3)/(h/(-37))?
0
Suppose 0 = -86*a + 84*a + 36. Let v = 82 - a. What is the tens digit of v?
6
Let p be -1 + (8 - 4) - 5. What is the tens digit of (1 + p - -117) + 2?
1
Let b(z) = 6*z**2 - 4*z + 5. Let n be b(3). Let q = 83 - n. What is the units digit of q?
6
Suppose 5*v - t = 135, -2*v = -0*t - t - 51. Suppose 4 = -w + v. Suppose 3*x - w = 99. What is the tens digit of x?
4
Suppose -4*f - f = -10. Suppose 10 = -0*y + f*y. Suppose -b + 0*g + 20 = 3*g, y*b - 195 = 4*g. What is the tens digit of b?
3
Suppose -29 = 5*h - 79. Let y(b) = -b**3 + 9*b**2 + 5*b. Let s be y(h). Let a = s + 123. What is the units digit of a?
3
Suppose -9*b = -b - 5448. What is the hundreds digit of (-3)/((-36)/b)*4?
2
Suppose -2473 = -4*m - 3*g, m + 3*m - 2508 = 4*g. What is the units digit of m?
2
Let i be 1 - -2*(-2 + 3). Suppose -3*q - 5*o = -o - 58, 115 = 5*q + i*o. Suppose -2*r - r = 5*b - 78, -r = b - q. What is the tens digit of r?
2
Let u(q) = 2*q**3 - 18*q**2 - 12*q + 43. What is the thousands digit of u(18)?
5
Let q = -12 - -5. Let l(v) be the second derivative of -2*v**3/3 - 9*v**2/2 - 16*v. What is the tens digit of l(q)?
1
Suppose z = 5*u - u - 148, -2*z - 5*u = 257. Let d = -75 - z. Let g = d - 36. What is the units digit of g?
5
Let b(p) = -p**3 - 12*p**2 - 11*p - 8. Suppose -17*g + 19*g + 24 = 0. What is the tens digit of b(g)?
2
Let h = 6644 + -2992. What is the thousands digit of h?
3
What is the tens digit of 6933/33 - (-9)/(-99)?
1
What is the units digit of ((-14)/8)/7 - (-27587)/28?
5
Let r(c) = 5*c - 2. Let a be r(-11). Let d = a + 220. What is the tens digit of d?
6
What is the tens digit of 62/155 + (1 - 2183/(-5))?
3
Let d be (-1981)/(-35) - 4/(-10). Let o = d - 6. What is the tens digit of o?
5
Let f = -54 - -59. Suppose -f*q + t - 69 = -746, -2*q = -3*t - 263. What is the units digit of q?
6
Suppose -c + 4*r = -0*c - 7, 2*c = r + 7. Suppose 0 = -5*m - g + 1059, -5*g + c = 8. What is the hundreds digit of m?
2
Let s(x) = -19*x - 197. What is the tens digit of s(-21)?
0
Suppose -2*d + 11790 = 6*r - 12*r, 2 = r. What is the thousands digit of d?
5
Let w(f) = 26*f + 7. Let b = 28 + -24. What is the hundreds digit of w(b)?
1
Let d = 2 - 9. Let y(n) = 13*n**2 - n + 1. Let v be y(1). Let r = d + v. What is the units digit of r?
6
Let a(f) = 2*f - 5 - 3 + 3 - 3*f. Let i be a(-10). Suppose -t = -5*o + 132, -5*t - 120 = -i*o - 10*t. What is the tens digit of o?
2
What is the units digit of (-84)/(-7 - 292/(-42))?
4
Let w(k) = -k - 1. Let z be w(-5). Suppose -42 = z*m + 6. Let v = 17 + m. What is the units digit of v?
5
Suppose 75*v - 37*v = 101308. What is the hundreds digit of v?
6
Let f(s) = s**3 + 3*s**2 - s + 1. Let w be f(-3). Let p be -1 - 8/w - -10. Suppose -11*z = -p*z - 208. What is the units digit of z?
2
Let p = -938 - -1697. What is the hundreds digit of p?
7
Suppose -5*o + 2*t + 2008 = -1536, -4*t = -12. What is the hundreds digit of o?
7
Let f(y) = -4*y**3 - 30*y**2 + 4*y - 4. What is the tens digit of f(-9)?
4
Let l be -2 + (-1)/(-3) + (-4)/(-6). What is the tens digit of (-13)/l*(-15 - -22)?
9
Let d(p) = p**3 - 44*p**2 + 24*p + 75. What is the hundreds digit of d(44)?
1
Let z = 296 + -122. Suppose -9*g + 222 = -z. What is the tens digit of g?
4
Suppose 45*c + 15368 = 62*c. What is the tens digit of c?
0
Let t(h) = 3*h**3 - 8*h**2 + 20*h - 27. What is the hundreds digit of t(5)?
2
Let o = 17 - 19. Let z(n) = -8*n**3 + n**2 - 3*n - 3. What is the units digit of z(o)?
1
Let i = 21 - -22. Suppose 2*j + 56 = 4*p - 0*j, -37 = -3*p + 4*j. Let k = i - p. What is the tens digit of k?
2
Suppose -2*r - 2*r - 2*z = -20, 16 = 3*r + 2*z. Suppose -4*n = 4*v + 32, -2*v + 3*v = r. Let p(u) = -u**2 - 12*u + 4. What is the units digit of p(n)?
4
Let g(v) = 23*v + 11. Let j(d) = -116*d - 54. Let z(p) = -16*g(p) - 3*j(p). What is the units digit of z(-4)?
6
Suppose -4*g + 1363 = a - 4*a, -1698 = -5*g - 2*a. Let q = g - 150. What is the tens digit of q?
9
Suppose o - 30 = -2*o. Let n be 0 - o*1/2. Let i(p) = -6*p - 7. What is the units digit of i(n)?
3
What is the units digit of 303/(-5)*(-5 + -1 - -1)?
3
Let m = -23 + 147. Let q = m + -55. What is the tens digit of q?
6
Suppose -3780 - 1338 = -6*l. What is the units digit of l?
3
Let z be (-2 + 1 - 146) + 0 + -3. Let a = z + 361. What is the units digit of a?
1
Suppose -9*l + 12 = -6*l. What is the tens digit of 1210/20 - 2/l?
6
Let t be -3*(92/(-12) + 3). Let k = -15 + t. Let p(n) = -34*n. What is the units digit of p(k)?
4
What is the units digit of 231 + (-42)/6 + -5?
9
Suppose 0 = -5*h + 5*b + 735, -11*h = -10*h + 5*b - 171. Let f = 202 - h. What is the tens digit of f?
5
Suppose 4*a + 0 = 4. Let c(w) = 90*w + 2. What is the units digit of c(a)?
2
Let z(j) = -3*j + 43. Let i be z(14). What is the hundreds digit of i - (1 - 1) - -165?
1
Let c be (-70)/(-22) + (-16)/88. Suppose c*l - 7 = -31. Let u = l + 29. What is the units digit of u?
1
Let m(t) = 3*t + 15. Suppose -v - 62 = -7*g + 2*g, 5*g - 3*v - 66 = 0. What is the units digit of m(g)?
1
Let r = -2605 - -4473. What is the hundreds digit of r?
8
Suppose -15 = -4*m + 21. Let f = 11 - m. Suppose -g + f*g - 69 = 5*x, -59 = -g + 3*x. What is the units digit of g?
4
Let n(s) = 13*s + 3. Suppose 0*o + 5*o = 0. Suppose 2*q + 4*v + 2 = -10, o = 5*q + 4*v. What is the tens digit of n(q)?
5
Let o(t) = -42*t - 17. Let a(w) = 83*w + 34. Let j(d) = 3*a(d) + 5*o(d). What is the units digit of j(3)?
4
Suppose 146 = 22*c + 14. Suppose 5*f + 598 = 2*w + c*f, 4*f + 578 = 2*w. What is the units digit of w?
7
Suppose -5*i - 1001 = -6331. What is the tens digit of i?
6
Let g(o) = o**2 - 8*o - 3. Let m be g(9). Suppose r = -r + m. Suppose -4*u - 3*a + 136 = -83, 0 = -2*u - r*a + 105. What is the units digit of u?
7
Suppose -2*m + 39*v = 36*v - 1427, -2*m = 3*v - 1409. What is the tens digit of m?
0
Let t(a) = -59*a**3 - a**2 - 3*a + 2. What is the units digit of t(-2)?
6
Let k(t) = -159*t - 200. What is the hundreds digit of k(-9)?
2
Let d be (-16)/(-4) - (3 - 2). Suppose 0*k - 19 = 3*t + k, 15 = -2*t - d*k. What is the units digit of (-4)/(-12) + t/(-9)?
1
Let s = 33 + 31. What is the units digit of s - (25/(-5))/(-5)?
3
Let x be (-10)/(-3)*(7 - 10). Let i = 11 + x. Let k = i - -2. What is the units digit of k?
3
Let j(c) = 46*c**2 + 3*c - 45. What is the hundreds digit of j(-5)?
0
Let n be 8/16 - 226/(-4). Let y = n + 60. What is the hundreds